 0 = -5*q - 3*l + 289 + 604. Suppose -3*o + 5*o = q. What is the units digit of o?
9
Let b(i) = i**3 - i**2 - 4*i - 2. Let p be b(3). Suppose p*w = -5*w + 513. What is the units digit of w?
7
Let p = 29 - 27. Suppose 3*k = -2*d - p*d + 269, k = 5*d - 341. What is the units digit of d?
8
What is the hundreds digit of (-9288)/(-88) + 24/(-44)?
1
Let y(o) = o**3 + 6*o**2 + 9*o + 5. Let h be y(-3). Suppose -345 = -h*z - 3*i, -65 - 77 = -2*z - 2*i. What is the units digit of z?
6
Let j(s) = -2*s**3 - s**2 + 9*s. Let o(g) = 5*g**3 + 3*g**2 - 26*g + 1. Let i(r) = -11*j(r) - 4*o(r). What is the units digit of i(3)?
6
Let k(s) = -s**3 - 8*s**2 - 5*s + 8. Let g(c) = -6*c**3 - 3*c**2 + 3*c - 1. Let m be g(1). Let f be k(m). Let n = f + 47. What is the tens digit of n?
4
Let d be (-1)/((5/14)/(-5)). Let l(p) = p**2 + 12*p + 43. Let f be l(-4). Let y = d - f. What is the units digit of y?
3
Suppose -205 = -3*s - d - 0*d, -3*s = 3*d - 213. Let x = s + 29. What is the tens digit of x?
9
Let l(u) = u - 4. Suppose -6 = -t - 0*t. Let p be l(t). Let v = p + 15. What is the units digit of v?
7
Let j(p) = p**3 - 17*p**2 - 2*p + 7. What is the tens digit of j(18)?
9
Let r be (-21)/(-2) + 2*(-4)/(-16). Suppose 0 = 7*u - r - 787. What is the units digit of u?
4
Let a(f) = -f**2 - 4*f + 8. Let j(h) = -2*h**2 - 4*h - 8. Let n be j(-4). Let q be (1 - n/(-9))*3. What is the units digit of a(q)?
3
Let r = 936 - 875. What is the tens digit of r?
6
What is the tens digit of (6/18 - 0)*(-4 + 1099)?
6
Let o(x) be the third derivative of x**5/20 + x**4/6 + 7*x**3/6 + 10*x**2. Let r = -5 - -2. What is the units digit of o(r)?
2
Suppose 4*z - 5*s - 13 = 62, -3*s + 36 = 3*z. What is the tens digit of z?
1
Let c(p) = -p**2 - 16*p - 10. Let y be c(-15). Suppose 0 = -y*r + 123 + 102. What is the units digit of r?
5
Let d = -66 + 33. What is the units digit of (-3484)/(-44) + 6/d?
9
Suppose 2*p - 3*p + 5*y = -20, p + 5*y = -20. Suppose 0*q + q - 139 = p. What is the hundreds digit of q?
1
Let o = -944 - -1602. What is the tens digit of o?
5
What is the thousands digit of (-200915)/(-95) + (-4)/(-38)?
2
Let b = 15 - 7. Let z(g) = b + 0*g + 4 - 3*g. What is the units digit of z(-5)?
7
Suppose 4 = 2*p + 2*l, 0 = l - 1 + 3. Suppose -5*t + 2*q + 638 = 0, -2*q - 496 = -p*t - 4*q. What is the units digit of t?
6
Suppose -4*j - s + 454 = -2*s, 3*j - 338 = 2*s. What is the tens digit of j?
1
Suppose -25*y + 27*y = 2606. Suppose -6*d - 385 = -y. What is the hundreds digit of d?
1
Suppose 3*t - 16259 = -2*m, 21690 = -9*t + 13*t - 3*m. What is the units digit of t?
1
Let l(z) = -6*z**3 - 6*z**2 + 11*z + 33. What is the tens digit of l(-5)?
7
Let z(x) = 50*x**2 - 3*x + 2. Let k(l) = 49*l**2 - 3*l + 2. Let s(t) = 6*k(t) - 5*z(t). Let m be 10/8 - (-2)/(-8). What is the tens digit of s(m)?
4
Let k = -1452 - -3479. What is the units digit of k?
7
Let p be ((-5)/(-1))/(1 + 0). Suppose -20 = 3*w - 4*h, -p*w + 8 - 23 = -3*h. Suppose w*k = -4*k + 108. What is the tens digit of k?
2
Suppose 15 = 3*r, -3*r - 190 = -4*v - 5*r. What is the tens digit of v?
4
Let i be 36/5 - 2/10. Suppose i = -3*l - 4*v, 2*l - v + 2 = -3*v. Suppose l + 1 = u. What is the units digit of u?
4
Suppose 0 = -2*l + 2*q - q + 7879, -15793 = -4*l - 5*q. What is the units digit of l?
2
Let s(c) = c**3 + 15*c**2 - 7*c + 21. Let o(f) = -2*f**2 - 2*f - 3. Let j be o(-3). What is the units digit of s(j)?
6
Let b(x) = 16*x**2 + 31*x + 1. What is the hundreds digit of b(-12)?
9
Let z = -117 - -624. Suppose 6 = 2*l, -3*l - 3 = 5*s - z. What is the units digit of s?
9
Suppose -5*j = 4*a - 0*j + 28, -4*a - 3*j = 20. Let d = -35 - -54. What is the units digit of (d - 18)/(a/(-16))?
8
Let c(g) = -5*g - 50. Let b be c(-9). What is the hundreds digit of (-2)/(b - (-5515)/1105)?
2
Suppose 7*g + 750 = 12*g. Let f = g - 104. What is the units digit of f?
6
Let k = 267 - 112. Let i = k - -26. What is the hundreds digit of i?
1
Let q(d) = -39*d + 5. Let f be q(3). What is the units digit of (-32)/f + (-145)/(-7)?
1
Suppose -676 = -q - 281. Suppose 7*n - 2*n - q = 0. What is the units digit of n?
9
Let y(b) = 13*b + 2. Let o be 0 + 6 + 0 + -1. What is the tens digit of y(o)?
6
Let f be -74 - (3/3 + -3) - 0. What is the tens digit of ((-10)/15)/(2/f)?
2
Let z = 334 + 4. What is the units digit of z?
8
Let y = 451 + 1011. What is the thousands digit of y?
1
Let i = -19 - -30. Suppose -5*c - 486 = -i*c. What is the units digit of c?
1
Suppose -3*k + 6772 = 2*u, -3*u + 7564 + 2601 = k. What is the hundreds digit of u?
3
Let w(l) = 28*l + 1. Suppose z + 6 = 4*z. What is the tens digit of w(z)?
5
Let g(r) = -r**2 - 11*r - 5. Let j be g(-10). What is the units digit of (24/j)/(6/100)?
0
Let o = 52 + -30. Suppose 2*l - 5*c - o - 47 = 0, l - 33 = 2*c. What is the tens digit of l?
2
Let z be 1/3 - (-4)/(-24)*-16. Suppose 0 = j - 2, -z*o - 5*j = -227 - 47. What is the tens digit of o?
8
Let b(f) = -7*f**2 + 4*f. Let z be b(-5). Let r = z + 275. What is the units digit of r?
0
Let a = -2929 - -5297. What is the thousands digit of a?
2
Suppose 342 = n - 5*f, 2*f + 1368 = 4*n + f. Suppose -n + 70 = -4*o. What is the units digit of o?
8
Let c(i) = -8*i - i - 2*i**2 + 6*i**2 - 12 + 3*i. What is the units digit of c(-4)?
6
Let w be 44/(-1)*(-9)/6. Let m = 123 - w. What is the tens digit of m?
5
Suppose 21 = 5*c - 6*c. Let q = c + 24. Suppose 13 = q*b - 2*o - 139, 0 = 2*o + 8. What is the units digit of b?
8
Let k(f) = -465*f**3 + 2*f**2 - 3. What is the tens digit of k(-1)?
6
Let i(p) be the first derivative of 5*p**4 + p**3/3 + p**2 + p - 1. Let v be i(-1). Let f = 47 + v. What is the units digit of f?
7
Let f = -952 - -1411. What is the hundreds digit of f?
4
Let g(j) = 16*j. Let q be g(3). Let b = q - 47. What is the units digit of b?
1
Let k(t) = -5*t**3 - 2*t**2 + 4*t. Let v be k(2). Let h be (1 - 0)*(-1 - v). What is the units digit of (0 + -7)*h/(-13)?
1
Let r(a) = -14*a - 13. Let g(f) = -7*f - 6. Let y(n) = 5*g(n) - 2*r(n). What is the tens digit of y(-3)?
1
Suppose 10*n - 5*n = 350. What is the units digit of n*(15/(-6))/(-5)?
5
Let l(z) = -z - 1. Let q(r) = 2*r. Let m(o) = 4*l(o) + 3*q(o). Let p be m(3). What is the tens digit of 6/p*-1 - -45?
4
Let p = -10 + 12. Suppose -g + 5*g - 12 = 0, -9 = p*o - 5*g. Let x(j) = 7*j - 1. What is the units digit of x(o)?
0
Suppose -5*q + 2 = -18. Suppose -q*p + 15 + 5 = 0. Suppose s + p = 17. What is the units digit of s?
2
Let x(i) = -6*i**2 + 7*i - 5. Let l(g) = -7*g**2 + 8*g - 6. Let n(s) = 2*l(s) - 3*x(s). What is the units digit of n(4)?
7
Let u(o) be the third derivative of o**5/15 - 3*o**4/8 + 25*o**3/6 + 27*o**2. What is the tens digit of u(6)?
1
Suppose x + 9 = -d, -5*x + 4*d - 7 - 11 = 0. What is the units digit of -1 + 25/15 - 26/x?
5
Let n(g) be the first derivative of -g**3/3 - g**2 + 10*g - 10. Let w be n(-6). What is the units digit of 1/(w/5 - -3)?
5
Let b be -10*(2/(-4) + 1). Let q(t) = -t**3 + 2*t**2 + 3*t + 5. Let n be q(4). Let k = b - n. What is the tens digit of k?
1
Let w = 9 + -8. Let y be (3 + w)/(-1 - 1). What is the units digit of -10*y/((-4)/(-3))?
5
Let f(h) = 368*h + 350. What is the thousands digit of f(5)?
2
Suppose -c = -5*c + 5*v + 16, -c - 3*v = -4. Suppose 2 = 2*z, -8*z = -3*s - c*z + 71. What is the units digit of s?
5
Let g be 2/(-6) + (-535)/15. Let i = 47 - g. What is the units digit of i?
3
Let h(l) = 86*l + 10. Let j be h(9). Suppose -4*r + j = 3*r. What is the hundreds digit of r?
1
Let w = -103 - -96. What is the tens digit of (-1)/w - 222/(-14)?
1
What is the hundreds digit of (-26793)/(-13) + -3 + 14?
0
Let a(l) = 4*l**3 - 2*l**2 - 2*l + 1. Let f be a(-2). Let u be (-1020)/f + 2/(-14). Let p = u + 12. What is the tens digit of p?
4
Suppose 987*b + 74900 = 1007*b. What is the hundreds digit of b?
7
Let h = 15 - 18. Let u be -1 + 1 - h/1. Suppose -4*z - 66 = -2*l, -3*z - 61 - u = -2*l. What is the units digit of l?
9
What is the hundreds digit of 131900/750 + 2/15?
1
Suppose 0 = 2*i + 4*l - 316, -8*i + 474 = -5*i - 2*l. What is the units digit of i?
8
Let i = 19 + 3. Let b be ((-11)/i)/(2/(-20)). Suppose 3*a - 2*y - 192 = -0*a, 0 = 4*a - b*y - 249. What is the units digit of a?
6
Let j(v) = 7*v**2 + 2. Let p be j(-2). Suppose 5*k - p - 100 = 0. What is the units digit of k?
6